{"id":144,"date":"2022-10-13T09:34:14","date_gmt":"2022-10-13T09:34:14","guid":{"rendered":"http:\/\/www.iceem.tuiasi.ro\/?page_id=144"},"modified":"2025-09-17T14:25:55","modified_gmt":"2025-09-17T14:25:55","slug":"plenary-and-keynote-lectures","status":"publish","type":"page","link":"https:\/\/www.iceem.tuiasi.ro\/?page_id=144","title":{"rendered":"Plenary and Keynote Lectures"},"content":{"rendered":"\n<p><\/p>\n\n\n\n<div class=\"wp-block-group alignwide has-foreground-color has-tertiary-background-color has-text-color has-background has-link-color wp-elements-017ed03c705aba39594fca12b1594134 is-layout-flow wp-block-group-is-layout-flow\" style=\"padding-top:var(--wp--custom--spacing--large, 8rem);padding-bottom:0px\">\n<h1 class=\"wp-block-heading alignwide has-x-large-font-size\" style=\"margin-bottom:2rem;font-style:italic;font-weight:900\"><strong>Plenary Lectures<\/strong><\/h1>\n\n\n\n<hr class=\"wp-block-separator has-text-color has-background-color has-css-opacity has-background-background-color has-background alignwide is-style-wide\"\/>\n\n\n\n<div class=\"wp-block-columns alignwide are-vertically-aligned-top has-cyan-bluish-gray-background-color has-background is-layout-flex wp-container-core-columns-is-layout-1 wp-block-columns-is-layout-flex\">\n<div class=\"wp-block-column is-vertically-aligned-top is-layout-flow wp-block-column-is-layout-flow\" style=\"flex-basis:210px\">\n<h5 class=\"wp-block-heading has-link-color wp-elements-c7b74df49deec02c0964c5c4221433ea\" style=\"text-transform:capitalize\"><a href=\"https:\/\/www.iceem.tuiasi.ro\/?page_id=2187\">Dr. Marcela Mihai<\/a><\/h5>\n\n\n\n<h6 class=\"wp-block-heading has-link-color wp-elements-1010a51c035762fff61ef3f63dd089b8\" style=\"text-transform:none\">Petru Poni Institute of Macromolecular Chemistry, Iasi, Romania<\/h6>\n<\/div>\n\n\n\n<div class=\"wp-block-column is-vertically-aligned-top is-layout-flow wp-block-column-is-layout-flow\">\n<p class=\"has-link-color has-medium-font-size wp-elements-31fb6e2adfd9fb759657654a520562c5\"><a href=\"https:\/\/www.iceem.tuiasi.ro\/?page_id=2187\"><strong>Polysaccharide\/synthetic polymers as advanced materials for water treatment<\/strong><\/a><\/p>\n<\/div>\n<\/div>\n\n\n\n<div class=\"wp-block-columns alignwide are-vertically-aligned-top has-cyan-bluish-gray-background-color has-background is-layout-flex wp-container-core-columns-is-layout-2 wp-block-columns-is-layout-flex\">\n<div class=\"wp-block-column is-vertically-aligned-top is-layout-flow wp-block-column-is-layout-flow\" style=\"flex-basis:210px\">\n<h5 class=\"wp-block-heading has-link-color wp-elements-8b81d9927c646e443ec42da7adb99cc0\" style=\"text-transform:capitalize\"><a href=\"https:\/\/www.iceem.tuiasi.ro\/?page_id=1246\">Prof.dr. Feni Agostinho<\/a><\/h5>\n\n\n\n<h6 class=\"wp-block-heading has-link-color wp-elements-214b9a651a27856a42229cc9d7ee0797\" style=\"text-transform:none\">Universidade Paulista, Brazil<\/h6>\n<\/div>\n\n\n\n<div class=\"wp-block-column is-vertically-aligned-top is-layout-flow wp-block-column-is-layout-flow\">\n<p class=\"has-link-color has-medium-font-size wp-elements-64aab18655d5cfacd40b9855cbfe48bb\"><strong><a href=\"https:\/\/www.iceem.tuiasi.ro\/?page_id=1246\">The Macroscope of H.T. Odum: Perspectives on Environmental Engineering and Management<\/a><\/strong><\/p>\n<\/div>\n<\/div>\n\n\n\n<div class=\"wp-block-columns alignwide are-vertically-aligned-top has-cyan-bluish-gray-background-color has-background is-layout-flex wp-container-core-columns-is-layout-3 wp-block-columns-is-layout-flex\">\n<div class=\"wp-block-column is-vertically-aligned-top is-layout-flow wp-block-column-is-layout-flow\" style=\"flex-basis:210px\">\n<h5 class=\"wp-block-heading has-link-color wp-elements-53fca979166e57abe73daf89a79accb2\" style=\"text-transform:capitalize\"><a href=\"https:\/\/www.iceem.tuiasi.ro\/?page_id=2150\">Prof.dr. Konstantinos Tsagarakis<\/a><\/h5>\n\n\n\n<h6 class=\"wp-block-heading has-link-color wp-elements-86d5ceec2da67d6793bd301715e5820b\" style=\"text-transform:none\">Technical University of Crete, Greece<\/h6>\n<\/div>\n\n\n\n<div class=\"wp-block-column is-vertically-aligned-top is-layout-flow wp-block-column-is-layout-flow\">\n<p class=\"has-link-color has-medium-font-size wp-elements-cd365e09b06d5faef76cc41964a892bb\"><strong><a href=\"https:\/\/www.iceem.tuiasi.ro\/?page_id=2150\">Trends on Circular Economy from web-based data<\/a><\/strong><\/p>\n<\/div>\n<\/div>\n\n\n\n<hr class=\"wp-block-separator has-text-color has-background-color has-css-opacity has-background-background-color has-background alignwide is-style-wide\"\/>\n\n\n\n<h1 class=\"wp-block-heading alignwide has-x-large-font-size\" style=\"margin-bottom:2rem;font-style:italic;font-weight:900\"><strong>Keynote Lectures<\/strong><\/h1>\n\n\n\n<div class=\"wp-block-columns alignwide are-vertically-aligned-top has-cyan-bluish-gray-background-color has-background is-layout-flex wp-container-core-columns-is-layout-4 wp-block-columns-is-layout-flex\">\n<div class=\"wp-block-column is-vertically-aligned-top is-layout-flow wp-block-column-is-layout-flow\" style=\"flex-basis:210px\">\n<h5 class=\"wp-block-heading has-link-color wp-elements-893128ebe39346d2f95a534e93a94567\" style=\"text-transform:capitalize\"><a href=\"https:\/\/www.iceem.tuiasi.ro\/?page_id=2106\">Assoc.Prof.dr. Berta Nogueiro&nbsp;Estevinho<\/a><\/h5>\n\n\n\n<p>Universidade do&nbsp;Porto, Portugal<\/p>\n<\/div>\n\n\n\n<div class=\"wp-block-column is-vertically-aligned-top is-layout-flow wp-block-column-is-layout-flow\">\n<p class=\"has-link-color has-medium-font-size wp-elements-e5cc2ec8833340d1c7e01715927861ea\">Lecture Topic: Biotechnologies and bio-processes<\/p>\n\n\n\n<p class=\"has-foreground-color has-text-color has-link-color has-medium-font-size wp-elements-aff7dd3a3d1a5f1b92b47b4900360749\">Lecture Title : <strong><a href=\"https:\/\/www.iceem.tuiasi.ro\/?page_id=2106\">Microencapsulation: A new world of opportunities<\/a><\/strong><\/p>\n<\/div>\n<\/div>\n\n\n\n<div class=\"wp-block-columns alignwide are-vertically-aligned-top has-cyan-bluish-gray-background-color has-background is-layout-flex wp-container-core-columns-is-layout-5 wp-block-columns-is-layout-flex\">\n<div class=\"wp-block-column is-vertically-aligned-top is-layout-flow wp-block-column-is-layout-flow\" style=\"flex-basis:210px\">\n<h5 class=\"wp-block-heading has-link-color wp-elements-164a80bfdc7ea3dae2aecacca83aeb69\" style=\"text-transform:capitalize\"><a href=\"https:\/\/www.iceem.tuiasi.ro\/?page_id=2275\">Prof.dr. H\u00e9ctor&nbsp;Vald\u00e9s<\/a><\/h5>\n\n\n\n<p>Universidad Cat\u00f3lica de la Sant\u00edsima Concepci\u00f3n,&nbsp;Chile<\/p>\n<\/div>\n\n\n\n<div class=\"wp-block-column is-vertically-aligned-top is-layout-flow wp-block-column-is-layout-flow\">\n<p class=\"has-link-color has-medium-font-size wp-elements-eaa943eda062c529ad33ee0fbb96f595\">Lecture Topic: Novel processes and technologies<\/p>\n\n\n\n<p class=\"has-link-color wp-elements-003795f6e4cfa97ce38bc6c4eefdf8ca\">Lecture Title : <strong><a href=\"https:\/\/www.iceem.tuiasi.ro\/?page_id=2275\" data-type=\"page\" data-id=\"2275\">Recent advances in photocatalytic materials to prolong the shelf-life of climacteric fruits<\/a><\/strong><\/p>\n<\/div>\n<\/div>\n\n\n\n<div class=\"wp-block-columns alignwide are-vertically-aligned-top has-cyan-bluish-gray-background-color has-background is-layout-flex wp-container-core-columns-is-layout-6 wp-block-columns-is-layout-flex\">\n<div class=\"wp-block-column is-vertically-aligned-top is-layout-flow wp-block-column-is-layout-flow\" style=\"flex-basis:210px\">\n<h5 class=\"wp-block-heading has-link-color wp-elements-c25e20e8e5e98eb9719581cfb0b240d5\" style=\"text-transform:capitalize\"><strong><a href=\"https:\/\/www.iceem.tuiasi.ro\/?page_id=2137\">Assoc.Prof.dr. Cezar Catrinescu<\/a><\/strong><\/h5>\n\n\n\n<p>\u201cGheorghe Asachi\u201d Technical University of Iasi, Romania<\/p>\n<\/div>\n\n\n\n<div class=\"wp-block-column is-vertically-aligned-top is-layout-flow wp-block-column-is-layout-flow\">\n<p class=\"has-link-color has-medium-font-size wp-elements-13110f1c66be7bfcba5a2b6020685263\">Lecture Topic: Water and wastewater cycles in the<br>context of circular (bio)economy<\/p>\n\n\n\n<p class=\"has-link-color has-medium-font-size wp-elements-b64ff1d1010f2a98e8e7d20e70bdc910\">Lecture Title : <strong><a href=\"https:\/\/www.iceem.tuiasi.ro\/?page_id=2137\">Advanced Oxidation Processes: Catalysts for Water Reuse in the Circular Economy<\/a><\/strong><\/p>\n<\/div>\n<\/div>\n\n\n\n<div class=\"wp-block-columns alignwide are-vertically-aligned-top has-cyan-bluish-gray-background-color has-background is-layout-flex wp-container-core-columns-is-layout-7 wp-block-columns-is-layout-flex\">\n<div class=\"wp-block-column is-vertically-aligned-top is-layout-flow wp-block-column-is-layout-flow\" style=\"flex-basis:210px\">\n<h5 class=\"wp-block-heading has-link-color wp-elements-2d4abaf8895fc3468c4d4fe43f54c1bc\" style=\"text-transform:capitalize\"><a href=\"https:\/\/www.iceem.tuiasi.ro\/?page_id=2264\">Prof.dr. Alexandru Asandei<\/a><\/h5>\n\n\n\n<p>University of Connecticut, USA<\/p>\n<\/div>\n\n\n\n<div class=\"wp-block-column is-vertically-aligned-top is-layout-flow wp-block-column-is-layout-flow\">\n<p class=\"has-link-color has-medium-font-size wp-elements-87c56d608a4d31dc21246e8f47bd10f3\">Lecture Topic: Innovative and advanced materials<\/p>\n\n\n\n<p class=\"has-link-color has-medium-font-size wp-elements-c3813932254b7fbc7f1253ea9c0565f3\">Lecture Title : <strong><a href=\"https:\/\/www.iceem.tuiasi.ro\/?page_id=2264\">Fluoropolymers, Poly\/Perfluorinated Substances (PFAS), and Environmental Impact<\/a><\/strong><\/p>\n<\/div>\n<\/div>\n\n\n\n<div class=\"wp-block-columns alignwide are-vertically-aligned-top has-cyan-bluish-gray-background-color has-background is-layout-flex wp-container-core-columns-is-layout-8 wp-block-columns-is-layout-flex\">\n<div class=\"wp-block-column is-vertically-aligned-top is-layout-flow wp-block-column-is-layout-flow\" style=\"flex-basis:210px\">\n<h5 class=\"wp-block-heading has-link-color wp-elements-b6abe702265494e5d71c1b086afbf950\" style=\"text-transform:capitalize\"><a href=\"https:\/\/www.iceem.tuiasi.ro\/?page_id=2287\" data-type=\"page\" data-id=\"2287\">prof.Dr. John David Atkinson<\/a><\/h5>\n\n\n\n<p>University of Buffalo, USA<\/p>\n<\/div>\n\n\n\n<div class=\"wp-block-column is-vertically-aligned-top is-layout-flow wp-block-column-is-layout-flow\">\n<p class=\"has-link-color has-medium-font-size wp-elements-00dad095757e8bde7d850cabc89bfda7\">Lecture Topic: Sustainability assessment &amp; eco-<br>innovation<\/p>\n\n\n\n<p class=\"has-link-color has-medium-font-size wp-elements-ae814e9b94c6854744e5f9f29d3138ed\">Lecture Title : <strong><strong><a href=\"https:\/\/www.iceem.tuiasi.ro\/?page_id=2287\" data-type=\"page\" data-id=\"2287\">Growing Use of Life Cycle Assessment as a Tool to Quantify Sustainability<\/a><\/strong><\/strong><\/p>\n<\/div>\n<\/div>\n\n\n\n<div class=\"wp-block-columns alignwide are-vertically-aligned-top has-cyan-bluish-gray-background-color has-background is-layout-flex wp-container-core-columns-is-layout-9 wp-block-columns-is-layout-flex\">\n<div class=\"wp-block-column is-vertically-aligned-top is-layout-flow wp-block-column-is-layout-flow\" style=\"flex-basis:210px\">\n<h5 class=\"wp-block-heading has-link-color wp-elements-d2c177f8a01bf2d9634287d33b628e4d\" style=\"text-transform:capitalize\"><a href=\"https:\/\/www.iceem.tuiasi.ro\/?page_id=2209\">Assoc.Prof.dr. Maria Rapa<\/a><\/h5>\n\n\n\n<p>National University of Science and Technology Politehnica Bucharest, Romania<\/p>\n<\/div>\n\n\n\n<div class=\"wp-block-column is-vertically-aligned-top is-layout-flow wp-block-column-is-layout-flow\">\n<p class=\"has-link-color has-medium-font-size wp-elements-f2d3c4329b62465c5bbfedc871bfd92c\">Lecture Topic: Waste management in the context of circular (bio)economy<\/p>\n\n\n\n<p class=\"has-link-color has-medium-font-size wp-elements-0e1d69677dfe5fb6b9ad98ed7179aef0\">Lecture Title : <strong><a href=\"https:\/\/www.iceem.tuiasi.ro\/?page_id=2209\">Challenges, Experimental<br>Approach, and Prospects into Microplastics Waste Management<\/a><\/strong><\/p>\n\n\n\n<p class=\"has-link-color has-medium-font-size wp-elements-0cbd7fe56900a67e3f64a197159ed4ce\"><\/p>\n<\/div>\n<\/div>\n\n\n\n<div class=\"wp-block-columns alignwide are-vertically-aligned-top has-cyan-bluish-gray-background-color has-background is-layout-flex wp-container-core-columns-is-layout-10 wp-block-columns-is-layout-flex\">\n<div class=\"wp-block-column is-vertically-aligned-top is-layout-flow wp-block-column-is-layout-flow\" style=\"flex-basis:210px\">\n<h5 class=\"wp-block-heading has-link-color wp-elements-1e018d1463e11804538cc06e23a9c616\" style=\"text-transform:capitalize\"><a href=\"https:\/\/www.iceem.tuiasi.ro\/?page_id=891\" data-type=\"page\" data-id=\"891\"><strong>Assoc.prof.dr. Sabino de Gisi<\/strong><\/a><\/h5>\n\n\n\n<p>Universita degli Studi di Salerno, Italy<\/p>\n<\/div>\n\n\n\n<div class=\"wp-block-column is-vertically-aligned-top is-layout-flow wp-block-column-is-layout-flow\">\n<p class=\"has-link-color has-medium-font-size wp-elements-66c96262dffddd2610fb0aca18271667\">Lecture Topic: Monitoring and modelling of<br>environmental pollution<\/p>\n\n\n\n<p class=\"has-link-color has-medium-font-size wp-elements-0cbd7fe56900a67e3f64a197159ed4ce\"><\/p>\n\n\n\n<p class=\"has-link-color has-medium-font-size wp-elements-42bb5472d98df89697d5c556ee70ddda\">Lecture Title : <strong><a href=\"https:\/\/www.iceem.tuiasi.ro\/?page_id=891\">Materials and technologies for the treatment of contaminated marine sediments in a circular economy perspective<\/a><\/strong><\/p>\n\n\n\n<p class=\"has-link-color has-medium-font-size wp-elements-0cbd7fe56900a67e3f64a197159ed4ce\"><\/p>\n<\/div>\n<\/div>\n\n\n\n<hr class=\"wp-block-separator has-text-color has-background-color has-css-opacity has-background-background-color has-background alignwide is-style-wide\"\/>\n\n\n\n<div style=\"height:36px\" aria-hidden=\"true\" class=\"wp-block-spacer\"><\/div>\n\n\n\n<div class=\"wp-block-group alignwide is-layout-flow wp-block-group-is-layout-flow\"><\/div>\n<\/div>\n","protected":false},"excerpt":{"rendered":"<p>Plenary Lectures Dr. Marcela Mihai Petru Poni Institute of Macromolecular Chemistry, Iasi, Romania Polysaccharide\/synthetic polymers as advanced materials for water treatment Prof.dr. Feni Agostinho Universidade Paulista, Brazil The Macroscope of H.T. Odum: Perspectives on Environmental Engineering and Management Prof.dr. Konstantinos Tsagarakis Technical University of Crete, Greece Trends on Circular Economy from web-based data Keynote Lectures [&hellip;]<\/p>\n","protected":false},"author":3,"featured_media":0,"parent":132,"menu_order":1,"comment_status":"closed","ping_status":"closed","template":"","meta":{"footnotes":"[]"},"class_list":["post-144","page","type-page","status-publish","hentry"],"_links":{"self":[{"href":"https:\/\/www.iceem.tuiasi.ro\/index.php?rest_route=\/wp\/v2\/pages\/144"}],"collection":[{"href":"https:\/\/www.iceem.tuiasi.ro\/index.php?rest_route=\/wp\/v2\/pages"}],"about":[{"href":"https:\/\/www.iceem.tuiasi.ro\/index.php?rest_route=\/wp\/v2\/types\/page"}],"author":[{"embeddable":true,"href":"https:\/\/www.iceem.tuiasi.ro\/index.php?rest_route=\/wp\/v2\/users\/3"}],"replies":[{"embeddable":true,"href":"https:\/\/www.iceem.tuiasi.ro\/index.php?rest_route=%2Fwp%2Fv2%2Fcomments&post=144"}],"version-history":[{"count":88,"href":"https:\/\/www.iceem.tuiasi.ro\/index.php?rest_route=\/wp\/v2\/pages\/144\/revisions"}],"predecessor-version":[{"id":2623,"href":"https:\/\/www.iceem.tuiasi.ro\/index.php?rest_route=\/wp\/v2\/pages\/144\/revisions\/2623"}],"up":[{"embeddable":true,"href":"https:\/\/www.iceem.tuiasi.ro\/index.php?rest_route=\/wp\/v2\/pages\/132"}],"wp:attachment":[{"href":"https:\/\/www.iceem.tuiasi.ro\/index.php?rest_route=%2Fwp%2Fv2%2Fmedia&parent=144"}],"curies":[{"name":"wp","href":"https:\/\/api.w.org\/{rel}","templated":true}]}}